4 - -1) + 39 + 45 + -74 + (-5 - -10)?
-48
Evaluate -10 + 6 + (-90 - -83) - 8.
-19
Evaluate -16 - -36 - (-54 + 46).
28
Evaluate 114 + -22 + 84 + -68.
108
What is the value of 70 - ((-17 - 0) + 966 + -931)?
52
Calculate 36 + (-23 - -4) + 430 + -334.
113
What is -42 + (-47 - (-50 - -8))?
-47
What is -157 - -41 - -115 - (2 + -1 + 2 + 61)?
-65
-1 + (-3 - 9) + (94 - -3 - (44 - 31))
71
Evaluate -79 + 50 + 110 + -40.
41
What is -7 - -2 - 0 - (82 + -90 + -104)?
107
What is the value of (57 + -90 - -18) + (0 - 3 - -18)?
0
What is -1 - -15 - (168 - (125 - 29))?
-58
Calculate -40 + -9 + -6 + 12 + (1 - (9 + -11)).
-40
What is the value of -56 + (-8 - 13) + 7 + -25 + 56?
-39
(4 - 5 - -13) + (9 + -1 - -30)
50
What is 31 + 4 + -2 + -3 + (-77 - -78)?
31
Calculate -536 + 608 - (142 - -5).
-75
Evaluate -41 + 9 + 21 + -14.
-25
What is 32 + -25 + (2 - (-1 + (1 - -28))) - -9?
-10
Calculate -1 - (2 + 1) - (47 - (-22 - -32)).
-41
(-54 - 1) + (829 - 756)
18
Calculate -3 + 14 + -21 + -25 + -3.
-38
Calculate -27 + -10 + 22 + -98 + 56.
-57
Evaluate -43 + 1 + 63 + (15 - -27).
63
Evaluate 3 + 48 - ((-6 - (-19 + -4)) + 35 + -40).
39
-3 + -40 + (-30 - -55)
-18
Calculate 6 + 46 + -12 + -73.
-33
What is -30 - -33 - (29 + -82)?
56
Calculate -46 - (0 + -7 + 1 + 2 + -4) - -8.
-30
Calculate 2 + (10 - -6 - 29) + -52 + -1.
-64
Evaluate -1 + (33 + -5 + -13 - 34).
-20
Evaluate (0 - -44) + (4668 - 4809).
-97
What is -2373 + 2383 - (1 + 11)?
-2
Calculate 18 + -4 - (97 + (-17 - (-4 - -4))).
-66
What is the value of 12 + -7 + -16 + (6 - (-4 - -42))?
-43
64 - ((-14 + 15 - -16) + -7 + 9)
45
Evaluate (-23 + 82 - 19 - 43) + -122 + -2 + 0.
-127
9 - 0 - (117 - (-3 - -69))
-42
What is 378 - 418 - (42 - 9)?
-73
Evaluate (5 - (7 - (-6 + 1))) + 29 - 3.
19
What is (10 - 8 - 11) + (-20 - (2 + -10))?
-21
Evaluate 9 + ((-2 + 8 - -2) + (-36 - -14) - -9).
4
-8 + -31 - (37 + 10 + -52)
-34
-33 - (6 + -5) - 1
-35
Evaluate -83 + (-24 - 37 - -75).
-69
What is the value of -60 + -89 + (-44 - -146)?
-47
Calculate (-3 - -26) + (-19 - (4 - 11)).
11
Evaluate (1 + 1 - (-36 + 44)) + 8 + -10.
-8
What is -97 + 72 - -83 - 36?
22
Calculate (-5 - -1) + -4 - (-6 + 52 + -2 + 4).
-56
What is the value of 7 + 18 - (39 + -1 + -41)?
28
Calculate 62 - (2 + (-23 - -23) - -4).
56
What is -1 + (-2 - -40) + -3 + -20 + 51 + -20?
45
Calculate ((2 - 4) + (-17 - (-2 - 10)) - 79) + 13.
-73
Calculate (43 - (-26 + 36)) + -25 + (-1 - -90) - -9.
106
Calculate 4 + 4 - (-1512 - -1563).
-43
What is the value of (-4 - 0 - (-34 + -22)) + (-1151 - -1135)?
36
What is the value of 132 - 46 - (91 - 25)?
20
What is -17 + 0 - (41 + -36 + 7 + -13)?
-16
What is -8 + -35 - (-13 - 34 - -14)?
-10
Calculate 33 + 54 + -110 - (2 - 42).
17
What is the value of -45 + (31 - (40 - 16))?
-38
What is -77 - (-1 - (11 + (-6 - 5) + 10 - 17))?
-83
Calculate -64 - (84 - (22 - -30)).
-96
What is -15 - 0 - (-25 + 35 + 22 + -33 - 115)?
101
What is -146 + -78 + 147 - 46?
-123
(-1 - 65) + 6 + -5 + -10 + 23 + -2
-54
Evaluate 25 + (-172 - 0 - (2388 - 2396)).
-139
What is 27 + (-26 - (-45 - -22)) + -36 - 47?
-59
Calculate -11 - (8 + 47 - 38).
-28
-1 + -2 + 3 - (76 - 89)
13
Calculate (63 - -27) + 40 + (-72 - -37).
95
(-1 - -10) + -134 + 127 + -6 - (-14 - -6)
4
What is the value of (-12216 - -12237) + (-2 - (-2 + 38))?
-17
41 + -45 + 52 + 42
90
What is the value of 4 + (7 - (58 - (-11 - -11))) + -2 + 7?
-42
What is -103 - (-35 + (37 - 53))?
-52
What is 28 + (-52 - (-136 + 59))?
53
What is the value of 13 - (3 - -2 - -4) - (-15 + 6) - -15?
28
Evaluate -10 - (-5 + -14) - (-1 + -13) - -9.
32
What is the value of 40 + 93 - (-3 - (-27 - 0))?
109
What is -25 + (18 - 35 - 4) + 13?
-33
Calculate -13 + 6 + -13 - 13 - 3 - 6.
-42
(4 - 2) + -26 - -1 - (1253 + -1247)
-29
Calculate 23 + 49 + -81 + -33.
-42
What is -22 - (18 + 45 + (12 - 12) + -12)?
-73
What is (-1 - 8) + 107 + (-73 + 36 - -12)?
73
Evaluate (-11299 - -11260) + (-1 - 1).
-41
Evaluate 9 - (15 - 24 - -19) - (-3 - (-100 + -5)).
-103
What is -813 - -808 - (2 - -55)?
-62
What is the value of 47 - 39 - -43 - 50?
1
What is 46 + -11 + (44 - 35 - (0 + 8))?
36
-2 + 4 + -3 + (55 - (-60 - -163))
-49
What is the value of (-2 - 4) + (805 - 844) + (41 - 1)?
-5
What is 1 + 38 + (-4 - 5 - 2)?
28
Evaluate 105 + 2 - ((-3 - -10) + -17 - -28).
89
What is 55 + -81 - (51 + -7 + -2)?
-68
Evaluate -140 + 98 + 62 + -16 + (3 - 4).
3
What is -2 + 6 - (154 + -186 - (2 + -22) - 32)?
48
Evaluate -59 + 205 + -117 - (118 + 3).
-92
What is the value of 18 - (-6 + -4 + (0 - -19))?
9
16 - (6 + -13) - (228 + -209)
4
What is the value of -127 + -61 + (43 - -106)?
-39
What is the value of -3 - -3 - 10 - (41 - (160 - 60))?
49
What is the value of (-3398 - -3378) + 28 + 0?
8
Evaluate (-20 + 0 - 0) + (-85840 - -85848).
-12
Evaluate 3 - 1 - (114 + -138 - (0 + -22)) - -7.
11
Calculate (-2 - 31) + -2546 + 2588.
9
What is -1 + (57 - 31) + -32 + (41 - -1)?
35
(-45 - (-14 + -20 + 17)) + 14
-14
20 + -20 + -36 + (3 - 5) + -6
-44
Calculate -42 - (87 + (-47 - 23)).
-59
Calculate -56 + 32 + 45 + 40.
61
What is 11 + (-7 + 20 - 38)?
-14
Calculate -387 + 400 + (-21 - (-1 + (0 - -3))).
-10
Evaluate -12 - ((56 - 1) + -99).
32
What is the value of -7 + -1 - (14 + -23 + 7) - (-56 + 26)?
24
What is the value of -1 - (0 + 5 - 29) - 15?
8
What is the value of 54 - (34 - 1 - (-14 + 38))?
45
2 + -4 + 9 + 9 - (-34 - -26)
24
Calculate (-1143 - -1132 - (2 + -1)) + (80 - (-2 + 0)).
70
What is the value of (14 + -16 - 6 - 5) + -75?
-88
What is (3 - -10) + -11 - (63 + (-3 - -11) + -16)?
-53
What is the value of -4 + (-98 - (-1 + 13) - -36)?
-78
Calculate 112 + (22 - (-6 + 48)).
92
What is 25 + (25 - 32 - 15) - (0 + 17)?
-14
Calculate -69 - (-1 - -3) - (3 - 136 - -150).
-88
What is 12 + (11 + -2 - (-61 + 55))?
27
What is the value of -4 + (6 - (1 - 1)) - (-77 + 69) - 55?
-45
Calculate (9 - -34 - 6) + 0 + -3.
34
26 - 9 - (102 + -47 + 17)
-55
Calculate (-9 - (9 + -2 - 9)) + 64 - (-24 + 28).
53
What is the value of -11 - (-28 - (28 + -60))?
-15
What is (5 + 7 + 29 + 4 - -11) + -10?
46
Evaluate 20 - 63 - -27 - -13 - (-17 - 0).
14
What is the value of (1 - (-6 + 1)) + (-114 - -93) + 10?
-5
What is the value of 0 + -13 + 114 + (-30 + -31 - -30)?
70
Evaluate -2 - (2 - -24 - (-210 - -223)).
-15
Calculate (20 - (73 + -5 + -21)) + -24.
-51
What is the value of 7 - (57 + -10) - (-22 + -1)?
-17
Evaluate -163 - 4 - -138 - (6 + 1).
-36
What is (-5 - (-17 - (-19 + 3))) + 4 + -22?
-22
What is 1 + (-1 - (25 - 12)) + 54?
41
Evaluate 621 + -645 + -4 + 79.
51
Evaluate -1 + -7 - (182 - 201) - (18 - -34).
-41
314 + -146 + -103 + (4 - (-3 + 2))
70
-3 + (23 - (-3 + 40)) + -108 + 2
-123
What is (-1681 - -1683) + -2 + -2 + 36?
34
1 - -55 - (-3716 + 3725)
47
What is the value of (-13 - (2 - 21)) + 21 + -3 - -2 - 4?
22
What is (1 + -5 - -6) + 2129 + -2074?
57
Calculate -5 - (66 + -137) - (-10 + 0 + -4).
80
Evaluate 198 + -148 + -66 - (0 - 53).
37
What is 7 + -36 + (11 - 0) + (-3 - -3)?
-18
What is -2 + (-47 - 2) - ((-178 - -221) + -33)?
-61
Calculate -21 + (-23 - (30 - 68)) + -9.
-15
Calculate 221 + -213 - (31 + -1).
-22
5 + 1 + -40 + 100 + -36
30
What is the value of (-4 - -2) + 1 + 46 - (65 + -71) - 3?
48
Calculate (-71 - -44) + (11 - 1) - -92.
75
What is the value of 2 + -7 + -6 - (-11 - (-12 - 2))?
-14
Evaluate -3 + -11 + 46 + -33 + -7.
-8
What is -50 + -41 + 37 + 34?
-20
What is the value of -7 - -63 - (13 + 29 + -21)?
35
-69 + 62 + (69 - -10)
72
Calculate (-18 - ((-3 - -15) + (41 - 62))) + 114.
105
Calculate (2 + -6 - -2) + -7 + 16 + 4.
11
Evaluate 2 + -1 - (57 + (-78 - -24) - -53).
-55
Calculate (-23 - (-145 - -112 - (-56 - -6))) + -14 + 1.
-53
What is the value of (64 - (-3 - -93)) + 122?
96
Calculate (59 - (1 + 8 - (-25 - -32))) + (3 - 11).
49
What is (82 - -2) + 13 + -11 - (-106 + 106)?
86
14 + 9 + 4 + -31 + 4 - 46
-46
What is (-3 - (-16 + -1)) + (1037 - 1000)?
51
Calculate (245 + -219 - (3 + 38)) + 14.
-1
What is 53 + (-182 - -105) + 9?
-15
Calculate -12 - ((-619 - -631 - ((-1 - -31) + 1)) + 5).
2
What is 11 + (15 + -2 - 1 - (-52 + 56))?
19
What is (6 - 6 - (2 + -2 + -51)) + -5 + -1?
45
What is -2 + 24 - ((-226 - -176) + 167)?
-95
What is the value of 0 + -20 + -54 + (-25 - -97) - -65?
63
Evaluate 23 + 46 - 14 - (16 - (13 - 10)).
42
Evaluate 5 - 3 - (-1623 - -1736).
-111
What is 8 + -52 + 94 - 45?
5
-55 + (50 -